u + 336, 0 = 3*d + o. Calculate the remainder when u is divided by 37.
35
Suppose 3*w = 2*z + 51, -5*w = -4*z - 92 + 7. What is the remainder when 79 is divided by w?
11
Suppose 2*u - 12 = -u. Suppose -5*t + 5 = -30. Suppose -21 = -4*h + t. What is the remainder when h is divided by u?
3
Let x = -10 + 34. What is the remainder when x + 1 + 6/2 is divided by 17?
11
Let s = -188 + 128. Let a = 133 + s. Calculate the remainder when a is divided by 412/22 - (-15)/55.
16
Let h be 4 + -18*1/(-2). Suppose -z = -1 - 2. Suppose -d + h = z. What is the remainder when d is divided by 3?
1
Let w(r) = -19*r**3 + 4*r**2 + 2*r - 1. Calculate the remainder when w(-2) is divided by 74.
15
Let p = 20 - 24. What is the remainder when 11 is divided by (-321)/(-45) - (p/(-15))/2?
4
Let d(s) = 21*s**2. Calculate the remainder when -13*8/(-52) + 58 is divided by d(-1).
18
Let y(i) = -2*i - 9. Let v be y(-4). Let n be (18 - -1)*v*3. Let g = n + 99. Calculate the remainder when g is divided by 11.
9
Suppose -5*f = -4*f - 12. Let c = -105 + 150. Calculate the remainder when c is divided by f.
9
Let c be (12/8)/(-2 + 15/6). Suppose -8 = -3*u + 2*k, c*u - 3*k = k - 2. What is the remainder when 23 is divided by u?
5
Let a(o) = -o**2 + 5*o + 7. Let n be a(5). Let h = n + 7. What is the remainder when h is divided by 4?
2
Let t(o) = 18*o**2 + 57*o + 17. Calculate the remainder when 615 is divided by t(-4).
76
Let b be (-78)/(-65)*710/(-3). What is the remainder when 4/(-2) + b*(-6)/24 is divided by 9?
6
Let k = 1 - 5. Let g be 2/(-2*k/36). Let z = g - 7. What is the remainder when z is divided by 2?
0
Let v = 1 + -3. Let a(i) = -6*i. What is the remainder when 21*3/6*2 is divided by a(v)?
9
Let f(g) = -g**3 - g**2 - 3*g + 29. Let d be f(0). Let j = 80 - d. What is the remainder when j is divided by 27?
24
Calculate the remainder when 47 is divided by 6/4*(-93)/36*-8.
16
Let a = 10 + -8. Suppose a = -w + 6. Suppose -5*c = -w - 66. Calculate the remainder when 54 is divided by c.
12
Suppose -27 + 47 = 4*y. What is the remainder when 33 is divided by y?
3
Let i = 2 + 1. Suppose -37 = -6*p + p + 3*w, i*w + 2 = -2*p. Suppose 0*a = p*a, 0 = -2*x - 4*a + 22. What is the remainder when x is divided by 6?
5
Let t = -742 - -755. What is the remainder when 166 is divided by t?
10
Suppose -3*m - 4*t + 40 = 0, 77 = 4*m + 3*t + 26. Calculate the remainder when 83 is divided by m.
11
Let b be 176/12 + 1/3. Let n = -15 + b. Suppose -3*h + h - a + 78 = n, -2*h - 5*a + 62 = 0. Calculate the remainder when h is divided by 14.
13
Suppose 12*t - 136 = -5*t. What is the remainder when 34 is divided by t?
2
What is the remainder when 22 is divided by (-2394)/(-210) - (-1 - 14/(-10))?
0
Let l(y) be the second derivative of y**3/3 + 9*y**2 + y. Suppose 4*c - 3*p = 54, -3*p = -2*c + 32 - 8. What is the remainder when l(c) is divided by 25?
23
Let o = -18 - -13. Let b = -17 - o. Calculate the remainder when b/54 - 148/(-18) is divided by 3.
2
Let s = -69 - -72. Suppose -s*n - 358 = 8*z - 13*z, -4 = 4*n. Calculate the remainder when z is divided by 16.
7
Let s(o) = o**3 + 2*o**2 - o + 4. Let p be s(-4). Let a = -22 - p. Calculate the remainder when 34 is divided by (8/24)/(a/72).
10
Suppose -8 - 5 = -q. Let s = -320 + 327. What is the remainder when q is divided by s?
6
Suppose 0 = -4317*c + 4320*c - 156. Calculate the remainder when 1038 is divided by c.
50
Suppose 4*m - 8 = 4. Let u = -11 + 287. Suppose -5*d - f = m*f - u, -5*f = 2*d - 124. What is the remainder when d is divided by 27?
25
Let g = 1382 - 22. Let r be (g/24)/((-4)/(-18)). Suppose 0 = m + 3*x - 69, 0 = 5*m - x - 2*x - r. What is the remainder when m is divided by 14?
12
Calculate the remainder when ((-124)/16 + -2)*616/(-66) is divided by 28.
7
Let r = -12 + -8. Suppose 4*d + 3*c = -185, -3*d + 5*c + 103 = -5*d. Let p = r - d. What is the remainder when p is divided by 9?
6
Suppose 186 + 166 = 11*b. Let y be (2 + 1)*(-2)/(-3). Suppose y*o = o + b. What is the remainder when 62 is divided by o?
30
Let g(w) = 30*w**2 + 0 + 5 - 4. Calculate the remainder when g(1) is divided by 18.
13
What is the remainder when 124 is divided by 1/(-4)*258*6/(-9)?
38
Let d(b) = b**2 + 4*b - 7. Suppose 3*h - 29 = 10. What is the remainder when (-2 + (-16)/(-4))*h is divided by d(-7)?
12
Let h = -388 + 453. Suppose 2*j - 3*k - 63 = -2*k, -3*k - 156 = -5*j. Calculate the remainder when h is divided by j.
32
Suppose -2*p - 32 = -3*c, -4*p = -2*c - 2*p + 18. Let n = 7 - 3. Calculate the remainder when c is divided by n.
2
Calculate the remainder when 159 is divided by 52/3 - (-17 - (-245)/15).
15
Let a = 16 - 16. Suppose -13 = -s - 2*h, -3*s + 4*h = -a*s - 59. What is the remainder when s is divided by 11?
6
Let s(m) be the first derivative of -4*m**2 + 6*m + 5. Suppose 49 + 15 = 4*y. Calculate the remainder when s(-9) is divided by y.
14
Let k = 0 - -9. Suppose -11 = -4*d + k. Suppose -101 = -d*r + 4. Calculate the remainder when 82 is divided by r.
19
Calculate the remainder when 36 is divided by 1*(-2 + 10) - (-11 + 8).
3
Let k(f) = f**3 + 12*f**2 - 28*f + 28. Calculate the remainder when 138 is divided by k(-14).
26
Let m be ((-5)/15)/(3/(-1143)). Suppose g + l - m - 15 = 0, -l = -4. Calculate the remainder when g is divided by 35.
33
Let j(i) = 21*i**2 - i + 1. Suppose -g = -2*l + 2*g + 8, 0 = -4*l - 5*g - 6. Calculate the remainder when j(l) is divided by 12.
9
Let q(l) = -39*l - 331. What is the remainder when q(-11) is divided by 46?
6
Let p = -739 + 797. What is the remainder when 288 is divided by p?
56
Suppose 3*o - 2*o - 2 = z, -3*z = 2*o - 9. Let y(t) be the first derivative of 3*t**2/2 - t + 3. Calculate the remainder when y(2) is divided by o.
2
What is the remainder when 28/(-35)*(-790)/4 is divided by 20?
18
Let x = 28 - 22. Let m(s) = -2*s**3 + s**2 - 2*s - 2. Suppose -d + 3 = 5. What is the remainder when m(d) is divided by x?
4
Suppose 53*m - 55*m - 412 = 0. Let i = m + 306. What is the remainder when i is divided by 27?
19
Let t(z) = 2*z - 2. Let g be t(2). What is the remainder when 10 is divided by g + 3*4/6?
2
Calculate the remainder when ((-3)/2 - -1)*-114 is divided by (-2)/(-8) + (7 - 714/(-56)).
17
Suppose 38 - 462 = -2*i. Suppose -61*w = -57*w - i. What is the remainder when w is divided by 18?
17
Suppose -l = 4*d - 106, 2*l - 188 = 3*d - 5*d. What is the remainder when l is divided by 50?
40
Suppose 0 = -14*z + 12*z + 312. What is the remainder when z is divided by 32?
28
Let k be 3 + 1 + -1 + -1. Calculate the remainder when 17 is divided by 1/k + 33/6.
5
Suppose a - 2*a = -39. Calculate the remainder when a is divided by (8/10)/(4/50).
9
Let v(t) = 4*t - 8. Let n be v(3). Suppose 0 = n*a - 8*a + 144. What is the remainder when a is divided by 20?
16
Let q be (5/(-4))/(2/(-8)). Suppose 2*i - m - 110 = -i, 2*m - 187 = -q*i. Suppose 117 = -268*t + 277*t. Calculate the remainder when i is divided by t.
11
Let x be (-52)/(-4)*7/((-7)/8). Let s = x + 194. What is the remainder when s is divided by 7?
6
Let s = -4 + 0. Let t(u) = u**3 + 3*u**2 - 3*u + 10. What is the remainder when 14 is divided by t(s)?
2
Suppose -k - 6 - 1 = 0. Suppose 0 = -4*j + t + 3 - 6, -2*t = -5*j. Calculate the remainder when 8 is divided by (-1 - (k + -1)) + j.
3
Suppose 5*f - 5*c + 18 = 38, 3*f - 4 = -5*c. Calculate the remainder when 26 is divided by f.
2
Let m(n) = 43*n**2 + 3*n + 1. Calculate the remainder when 128 is divided by m(-1).
5
Suppose -17*j + 2298 = -11*j. What is the remainder when j is divided by 17?
9
Let u = -57 - -51. Let l(v) = -v**3 - 5*v**2 - 10*v - 8. Calculate the remainder when l(u) is divided by 30.
28
Let q(p) = 3*p**3 + 2*p**2 - 4*p. Suppose 5*x = 3*s - 4 - 10, -5*x = -s + 8. What is the remainder when q(s) is divided by 23?
18
Let d = -9 - -63. Suppose 0*k + d = 2*k. Calculate the remainder when k is divided by 16.
11
Let g = -607 - -937. Suppose j - 6*j = m - g, 4*m = -5*j + 315. Calculate the remainder when j is divided by 34.
33
Let m(d) = -12*d - 23. Let v(f) = -12*f**3 - f**2 + f + 1. Let z be v(-1). Suppose 5*l - 114 = z. What is the remainder when m(-10) is divided by l?
22
Suppose c - 1148 = -13*c. What is the remainder when 235 is divided by c?
71
Let x(j) = -16*j - 14. Let q be x(-7). Let o = -62 + q. Let i = o - 